se -v = -4*v. Let p(l) = -l**3 - 8*l - 9. Let z = -19 + 26. Let j(n) = -n**3 - 7*n - 9. Let d(s) = z*j(s) - 6*p(s). Determine d(v).
-9
Let i(n) = 2*n**2 - 2*n + 2. Let x be i(2). Let f(p) = -4*p + 5. Let w(t) = -t + 1. Let z = -6 + 4. Let c(v) = x*w(v) + z*f(v). What is c(4)?
4
Let d(o) be the second derivative of o**3/6 - 3*o**2 + 3*o. Let s(u) = -u + 5. Let p = -1 - -6. Let z(y) = p*d(y) + 6*s(y). Calculate z(5).
-5
Suppose -2*x = -0 - 16. Suppose -t = 4*j + 32, -t + 15 = 5*j + 56. Let s = x + j. Let v(y) = -7*y**2 + y + 1. Calculate v(s).
-7
Let x(l) = l + 3. Let q = 10 - 8. Suppose -q*s - s = 4*b + 3, -2*b = -2*s - 16. Calculate x(s).
-2
Let c(x) = -x**3 - 4*x**2 + 6*x - 1. Let n be (3 + -13)*(-2)/(-4). Let u be c(n). Let i(p) = -p**3 - 5*p**2 + 5*p + 2. Give i(u).
8
Suppose 0 = q + 4*h + 4, 3*q - h = -q + 18. Suppose 3*f - 2*f = q. Let a(t) = 2 + 0*t - 4*t + 2*t + 0. Give a(f).
-6
Let f(o) = o**3 - 4*o**2 - 2*o + 1. Let n(x) = 4*x**2 - x + 1. Let a be n(1). What is f(a)?
-7
Let v(w) = -w**2 - 7*w + 8. Let h be v(-9). Let m be 9 + h + (2 - 1). Let x(f) = -f - 5. Give x(m).
-5
Let t(j) = 6*j + 3. Let n(f) = -3*f - 2. Let y(k) = -5*n(k) - 3*t(k). Let v(d) = 2*d. Let p(g) = -9*v(g) - 4*y(g). Determine p(-3).
14
Let y(f) = 2645*f**2 - 2645*f**2 + f**3. Let z = 2 + -6. Let k = -6 - z. What is y(k)?
-8
Let b(a) = -a**3 - 4*a**2 + a + 5. Let l be -2 + 3 + 1 + 2. Suppose -4*t + l = -4. Suppose -d - s + t*s = 6, d + 5*s = 6. Give b(d).
1
Suppose c + 3*c = 0. Let g(t) = 0*t + c*t + t**2 - t**3 + t - 1. Suppose m = -3*h - 1, 2*h - 7*h + 4 = -4*m. Calculate g(h).
-1
Let o(p) = -p**3 - p**2 - p - 1. Let u(v) = -2*v**3 - 2*v**2 - 3*v - 3. Let s(n) = 5*o(n) - 2*u(n). Calculate s(-2).
3
Let w be ((-54)/24)/((-1)/4). Suppose -5*a = -4 + w. Let v = 0 + a. Let g(d) = 7*d**2 - 1. What is g(v)?
6
Suppose -6 + 2 = -2*x. Let a(n) = -n + x*n + 26 - 35. Calculate a(7).
-2
Let v(d) = -d. Let c be 7*(2 - (-16)/(-7)). Calculate v(c).
2
Let b(f) = -f**3 - 2*f**2 + 5*f. Suppose 0 = -c + 5*c + 20. Let p(d) = 2*d + 6. Let u be p(c). Determine b(u).
12
Let p(j) = -2*j - 4. Let h be p(0). Let m = -1 + h. Let x(s) = s**2 + 6*s + 4. Calculate x(m).
-1
Let a(t) = t**3 - 4*t**2 - 2. Let l = -107 + 110. What is a(l)?
-11
Let v(c) = 5*c**3 + 4*c**2 - 3. Let q(w) = 6*w**3 + 4*w**2 - 3. Let g(m) = -6*q(m) + 7*v(m). Determine g(3).
6
Let i(h) = h**3 - h**2 - h + 2. Let l be (5/(-5) - -1)/3. Give i(l).
2
Let j(q) = 0*q + 1 - 14*q**3 - 2*q**2 + 0*q + 25*q**3. What is j(-1)?
-12
Suppose -d + 8 = -z + 3*z, -z - 5*d = -13. Let l(g) = -5*g + 2. Give l(z).
-13
Let m(y) be the first derivative of 10*y**3/3 + y**2/2 - 30. Give m(1).
11
Let j(p) be the third derivative of -p**7/840 - p**6/90 + 7*p**5/120 + 7*p**4/24 - p**3 - 7*p**2. Let a(q) be the first derivative of j(q). What is a(-5)?
-3
Let m = -4 + 14. Let n = 14 - m. Let h(g) = g**2 - 4*g + 5. Calculate h(n).
5
Let l(j) = 3*j**3 + 3*j**2 + 3*j - 39. Let i(u) = -2*u**3 - 2*u**2 - 2*u + 20. Let y(f) = 5*i(f) + 3*l(f). Give y(0).
-17
Let b = -4 - 2. Let v(l) be the second derivative of -l**3/6 - 9*l**2/2 + 2*l. Give v(b).
-3
Let b(y) = -6*y + 1. Let p(z) = z**3 + 8*z**2 + 6*z - 8. Let a be (-1)/(15/7 + -2). Let i be p(a). Calculate b(i).
7
Let v = -115 - -111. Let b(s) = 2*s - 1. Let c(t) = t - 1. Let l(p) = -6*b(p) + 10*c(p). Calculate l(v).
4
Let t = 6 + -11. Let s(p) be the third derivative of p**5/60 + p**4/6 + p**3/3 + 2*p**2. Give s(t).
7
Let o(u) be the second derivative of u**5/20 + u**4/2 + 5*u**3/6 - 3*u**2/2 + 24*u. Determine o(-4).
9
Let x(k) = -7*k**3 + 2*k**2 + 3*k + 6. Let b(u) = 6*u**3 - u**2 - 2*u - 5. Let n(s) = 6*b(s) + 5*x(s). Suppose -9 - 11 = 5*t. Let f = 2 + t. Calculate n(f).
2
Let q be (16/6 - 2)*12. Suppose 3*d = -3*v - 6, -v - 3*d = 4 + q. Let j(l) = -l + 7. Let t(f) = 2*f - 14. Let n(y) = -5*j(y) - 2*t(y). Calculate n(v).
-4
Suppose 0 = -2*n - 4 - 4. Let f(c) be the first derivative of -c**4/4 - 4*c**3/3 + c**2 + 3*c + 5. Give f(n).
-5
Let d be 3/5 - (-23)/(-5). Suppose h + 2 - 5 = 0. Let o(q) = 7*q - h*q - q + 2 + q**2. Calculate o(d).
6
Suppose 5*h = 39 - 14. Let o be 12/4 + 1/(-1). Let u(y) = -6 - y**o + y + 0*y + 4*y. Determine u(h).
-6
Suppose 4*d - 5*d = -2. Let k(t) = d*t - 2*t + 2 + t. Give k(-7).
-5
Suppose -5*k + 15 = 4*r, -36 = -3*k + 5*r - 2*r. Let b(p) = p**3 - 8*p**2 + 10*p - 7. Give b(k).
14
Let b(q) = q**2 + 0*q**2 + 5 + 2 + 3*q - 9. Calculate b(-4).
2
Let g(m) be the second derivative of -m**5/20 - m**4/2 + m**3/3 + 7*m**2/2 - 8*m. Give g(-6).
-5
Let y be (2/6 + 0)*12. Suppose 4*x = 3*m - 7*m + y, x + 9 = m. Let s(g) = -3*g - 5. Let f(i) = i. Let v(h) = 4*f(h) + s(h). Calculate v(x).
-9
Let r(v) = 4*v + 3. Let i = -18 - -48. Suppose -2*x + 3*x - 3*q = -10, -5*q + i = x. Let t(m) = 5*m + 4. Let o(h) = x*t(h) - 6*r(h). Give o(4).
6
Let j be 15*(-5)/(-15) - 3. Let n(h) = -12*h + 2. What is n(j)?
-22
Let s(v) = v**2 + 5*v. Let p(m) = 2*m**3 - 5*m + 5*m**2 + 0 - 6*m**3 + 3*m**3 - 1. Let i be p(4). Let b = -10 - i. Calculate s(b).
0
Let i(f) = -f**2 + 5*f + 2. Suppose -55 = 4*o + 4*m - 183, 2*o = -3*m + 66. Suppose 8*y - o = 3*y. What is i(y)?
-4
Let d(s) = 5*s + 1. Let r(h) = 14*h + 2. Let u(i) = 11*d(i) - 4*r(i). Determine u(9).
-6
Suppose 1 = -5*l + 21. Let o(k) = -k**3 - 3*k**2 + 4. Let n be o(-3). Suppose n*v + l = -4. Let z(j) = -2*j**2 - 2*j + 1. Determine z(v).
-3
Let h(b) = b**2 - b - 2. Let w(r) = r**2 - 2*r - 8. Let x be w(4). What is h(x)?
-2
Let x(d) be the third derivative of -d**2 + 0 + 0*d - 1/3*d**3 + 1/60*d**5 - 5/24*d**4. Let t be (-1 + 0)*(-4 + -1). Determine x(t).
-2
Let o(f) be the third derivative of 0 + 1/120*f**6 + 0*f**3 - 1/12*f**4 + 0*f - f**2 - 1/60*f**5. Let j be -1 - 2/4*2. Calculate o(j).
-8
Let v(d) = -6*d**3 - d**2 - 2. Let z(t) = 6*t**3 + t**2 + 3. Let k(c) = -4*v(c) - 3*z(c). Let n = 6 - 1. Suppose -n = 3*s + 2*s. Determine k(s).
-6
Let k(i) = -i**2 + 8*i - 1. Let q be k(7). Let w(t) = t**2 - 5*t + 2. Give w(q).
8
Let p(k) = k**3 - 4*k**2 - 5*k - 6. Suppose 0 = 4*t - 5*y + 45, -3*y = -t - y - 15. Let g = t + 10. Determine p(g).
-6
Let s(c) = 5*c**2 - c. Let o = 1 - 2. Let g be s(o). Let p(w) = -w**3 + w**2 - g*w**2 - 3*w - 5 - 3*w. Determine p(-4).
3
Let w(n) = -n. Let d(y) = -5*y + 1. Let i(t) = -d(t) + 4*w(t). What is i(-5)?
-6
Let s(v) = -2*v**3 + 3*v**2 - 2*v + 1. Let t(p) = -p**2 + 9*p - 5. Let f be t(8). Let y(x) = 9*x - 2 + 4*x**2 - f*x**2 + 4. Let o be y(-9). Calculate s(o).
-7
Let g be -4 - (0 - 2) - 2. Let k = 6 + g. Let d(n) = -n + k + n - n. Give d(2).
0
Let x(t) be the first derivative of -t**6/120 + t**5/12 - t**4/24 - 2*t**3/3 - t**2/2 - 4. Let q(h) be the second derivative of x(h). Calculate q(3).
11
Let f(m) be the first derivative of m**4 + 2*m**3 + 13*m**2/2 + 2. Let w(x) = x**3 + 2*x**2 + 4*x. Let v(t) = -2*f(t) + 7*w(t). Determine v(2).
4
Let v(x) = -x**2 + 6*x - 8. Let z(j) = 9*j + 1. Let y be z(3). Suppose -5*m + 2 = -y. Give v(m).
-8
Let d(b) be the first derivative of -1/3*b**3 + 3*b + 1/2*b**2 + 2 - 1/4*b**4. Let n be (-2 + 2)/(2 - 1). What is d(n)?
3
Suppose -3*h - y - 3*y = -18, -4*h + 2*y + 2 = 0. Let j(i) = 3*i**h - 3*i**2 - 5*i**2 + 4*i**2 + i + 8. Let t = -1 - -1. Determine j(t).
8
Let f = -2 - -7. Suppose 0 = -2*w + 14 - 2. Let b(h) = -6*h**2 + w*h + 1 + h**3 - 6 - 1 - 1. Give b(f).
-2
Let a(r) = -r - 7. Let w(s) = -s - 4. Let v(l) = -6*a(l) + 11*w(l). Determine v(2).
-12
Suppose -1 - 5 = 2*b. Let z(f) be the first derivative of -f**4/4 - 2*f**3/3 + f**2/2 - 2*f - 2. Calculate z(b).
4
Let v(x) = -x**2 - x + 1. Suppose 2*t - 4 = -2*t. Let u(y) = -9*y**2 - 8*y + 5. Let h(j) = t*u(j) - 6*v(j). Calculate h(-1).
-2
Let n(r) = 2*r**2 + 4*r - 3. Let k(h) = 3*h**2 + 5*h - 4. Let z(f) = -5*k(f) + 6*n(f). Give z(2).
-12
Let k(p) = -p**3 - 11*p**2 + 15*p + 34. Let y be k(-12). Let b(o) = 0*o - 2 + 2*o**2 + o**2 + o. Determine b(y).
8
Let d(z) = -7*z - 1. Let h(a) = 16*a + 2. Let v(t) = 7*d(t) + 3*h(t). Give v(-3).
2
Let q = -4 - -20. Let x = q + -11. Let z(a) = a**2 - 3*a - 7. Give z(x).
3
Let l = 5 - 8. Let j = 1 - -2. Let d(h) = -j*h + 3*h - 2*h. Determine d(l).
6
Let r(u) be the third derivative of u**4/24 + 7*u**3/6 + u**2. Suppose -n + 3*f - f - 1 = 0, -5*n - 5*f = 35. Determine r(n).
2
Let r(d) = d**3 - 4*d**2 - 6*d - 3. Let f(s) =